{"id":751,"date":"2018-09-13T19:18:07","date_gmt":"2018-09-13T16:18:07","guid":{"rendered":"http:\/\/filosofit.fi\/FiPra\/?page_id=751"},"modified":"2024-12-01T20:45:30","modified_gmt":"2024-12-01T18:45:30","slug":"koulutus","status":"publish","type":"page","link":"https:\/\/filosofit.fi\/FiPra\/?page_id=751","title":{"rendered":"Koulutus"},"content":{"rendered":"\n<p><strong>Filosofisen praktiikan koulutus <\/strong>&#8211;<strong> hae 11.12.2024 menness\u00e4!<\/strong><\/p>\n\n\n\n<figure class=\"wp-block-image size-large\"><a href=\"http:\/\/filosofit.fi\/FiPra\/wp-content\/uploads\/filpra_koulutuslogo.png\"><img loading=\"lazy\" decoding=\"async\" width=\"650\" height=\"595\" src=\"http:\/\/filosofit.fi\/FiPra\/wp-content\/uploads\/filpra_koulutuslogo.png\" alt=\"\" class=\"wp-image-993\" srcset=\"https:\/\/filosofit.fi\/FiPra\/wp-content\/uploads\/filpra_koulutuslogo.png 650w, https:\/\/filosofit.fi\/FiPra\/wp-content\/uploads\/filpra_koulutuslogo-300x275.png 300w\" sizes=\"auto, (max-width: 650px) 100vw, 650px\" \/><\/a><\/figure>\n\n\n\n<p><em>Yhteiskunta tarvitsee filosofiaa ja filosofian soveltamista arjessa<\/em>.\u201d<\/p>\n\n\n\n<p>&#8211; International Conference on Philosophical Practice 2018<\/p>\n\n\n\n<p><strong>Mit\u00e4 on filosofinen praktiikka, ent\u00e4 filosofisen praktiikan koulutus?<\/strong><\/p>\n\n\n\n<p>Filosofinen praktiikka on filosofian harjoittamista osana jokap\u00e4iv\u00e4ist\u00e4 el\u00e4m\u00e4\u00e4. Keski\u00f6ss\u00e4 on t\u00e4ll\u00f6in filosofinen dialogi eri muodoissaan. Filosofisen praktiikan alalla on kansallisia ja kansainv\u00e4lisi\u00e4 yhdistyksi\u00e4, aikakauslehti\u00e4 ja konferensseja. Filosofisen praktiikan koulutuksia j\u00e4rjestet\u00e4\u00e4n useissa eri maissa ja se on kansainv\u00e4linen ilmi\u00f6.&nbsp;<\/p>\n\n\n\n<p><em>Lue <a href=\"https:\/\/katsaus.kriittinenkorkeakoulu.fi\/mika-holopainen-leipaa-ja-filosofiaa\/\">artikkeli<\/a> filosofisesta praktiikasta ja koulutuksen opiskelijoista, jotka toteuttivat harjoitusty\u00f6n\u00e4\u00e4n Leip\u00e4 &amp; Lohtu -leirin. <\/em><\/p>\n\n\n\n<p>Filosofisella praktiikalla on juurensa antiikin Kreikassa ja sille ominaisessa tavassa ymm\u00e4rt\u00e4\u00e4 filosofia. Siin\u00e4 filosofia liittyy kiinte\u00e4sti inhimilliseen kokemukseen. Filosofinen praktiikka hy\u00f6dynt\u00e4\u00e4 vahvasti Sokrateen dialogista ty\u00f6tapaa ja nojaa ymm\u00e4rrykseen keskustelun merkityksest\u00e4 itsetuntemuksen ja hyv\u00e4n el\u00e4m\u00e4n edist\u00e4j\u00e4n\u00e4. Suurin osa filosofisen praktiikan ty\u00f6skentelytavoista perustuu erilaisiin keskustelumuotoihin. L\u00e4ht\u00f6kohtana on my\u00f6s ajatus ihmetyksest\u00e4 ja k\u00e4sitys ihmisest\u00e4 viisautta, totuutta ja merkityst\u00e4 etsiv\u00e4n\u00e4 olentona.&nbsp;<\/p>\n\n\n\n<p>Historian kuluessa filosofiasta kuitenkin muotoutui erikoistunut tieteenala, jota harjoitetaan ammattimaisesti yliopistoissa. Samalla filosofiaa alettiin pit\u00e4\u00e4 ep\u00e4k\u00e4yt\u00e4nn\u00f6llisen\u00e4 ja vieraana arkiel\u00e4m\u00e4lle. Akateemisen k\u00e4\u00e4nteen vastareaktiona osa filosofeista on alkanut tarkastella taas filosofian merkityst\u00e4 jokap\u00e4iv\u00e4iselle el\u00e4m\u00e4lle. T\u00e4st\u00e4 on muotoutunut perinne, jota kutsutaan filosofiseksi praktiikaksi. Filosofinen praktiikka yhdist\u00e4\u00e4 teorian ja k\u00e4yt\u00e4nn\u00f6n. Se pyrkii elvytt\u00e4m\u00e4\u00e4n antiikin hengen ja osoittamaan filosofian k\u00e4yt\u00e4nn\u00f6n merkityksen.<\/p>\n\n\n\n<p><strong>Filosofisen praktiikan koulutus <\/strong>sopii useiden ammattialojen toimijoille, kuten opettajille, terveydenhuoltoalan ammattilaisille, filosofin maisteritutkinnon suorittaneille. Muuttuva ty\u00f6el\u00e4m\u00e4 ja yhteiskunta vaativat yksil\u00f6lt\u00e4 yh\u00e4 enemm\u00e4n valmiuksia itsen\u00e4iseen, eettisesti kest\u00e4v\u00e4\u00e4n p\u00e4\u00e4t\u00f6ksentekoon sek\u00e4 rakentavaan dialogiin. N\u00e4iden valmiuksien taustalla ovat keskeisesti kriittinen ajattelu, dialogitaidot sek\u00e4 hyv\u00e4 itsetuntemus. <strong>Filosofisen praktiikan koulutus on 1,5 vuotta kest\u00e4v\u00e4 kokonaisuus<\/strong>, jossa n\u00e4it\u00e4 taitoja opiskellaan filosofisten k\u00e4yt\u00e4nt\u00f6jen ja harjoitusten kautta. Koulutuksessa painottuu k\u00e4yt\u00e4nn\u00f6n harjoittelu, jota tuetaan teoriaopinnoilla. Keski\u00f6ss\u00e4 ovat sokraattinen dialogi ja filosofin vastaanotto.&nbsp;<\/p>\n\n\n\n<p>Kriittinen korkeakoulu on tarjonnut filosofisen praktiikan koulutusta vuodesta 2009. Koulutuksen k\u00e4yneet ovat mm. opettajia, toimittajia, kirjailijoita, valmentajia, filosofeja sek\u00e4 terveydenhuollon ja sosiaality\u00f6n ammattilaisia. Koulutus pohjautuu kansainv\u00e4liseen l\u00e4ht\u00f6kohtaan harjoittaa ja edist\u00e4\u00e4 filosofista ty\u00f6skentely\u00e4, ajattelua ja el\u00e4m\u00e4ntapaa arjen erilaisissa yhteyksiss\u00e4. Filosofian harjoittamisen muotoja ovat muun muassa sokraattinen dialogi, filocaf\u00e9, filosofiaa lapsille, filosofin vastaanotto, blogi- ja nettikirjoittelu, yritysfilosofia ja bisnesetiikka, alaan liittyvien kirjojen julkaiseminen, seminaarien ja keskustelutilaisuuksien j\u00e4rjest\u00e4minen. Filosofisen praktiikan l\u00e4hestymistapaa hy\u00f6dynnet\u00e4\u00e4n maailmalla esimerkiksi sairaaloissa, vankiloissa, kouluissa, ty\u00f6yhteis\u00f6iss\u00e4 ja yritysmaailmassa.<\/p>\n\n\n\n<p><strong>Haku seuraavaan koulutusryhm\u00e4\u00e4n on k\u00e4ynniss\u00e4! <a rel=\"noreferrer noopener\" href=\"https:\/\/www.kriittinenkorkeakoulu.fi\/kurssitarjonta\/filosofisen-praktiikan-koulutusohjelma\/\" target=\"_blank\">Hae 11.12.2024<\/a> menness\u00e4.<\/strong> Koulutus j\u00e4rjestet\u00e4\u00e4n 18.1.2025 \u2013 8.5.2026 Helsingiss\u00e4. Koulutuksen vastuuopettajana toimii Pia Houni. H\u00e4n on teatteritaiteen tohtori, dosentti, filosofian praktikko ja kirjailija. Houni on toiminut filosofisen praktiikan koulutuksen vastuuopettajana vuodesta 2011. Muut opettajat ovat alan taitajia monilta aloilta.\u00a0<\/p>\n\n\n\n<p>Lis\u00e4tietoa koulutuksen <a href=\"https:\/\/www.kriittinenkorkeakoulu.fi\/kurssitarjonta\/filosofisen-praktiikan-koulutusohjelma\/\">omalta sivulta<\/a> Kriittisess\u00e4 korkeakoulussa ja Pia Hounilta: <br>040 734 7293 \/ pia.houni@tuni.fi Pia Houni<\/p>\n\n\n\n<p><em>Vuonna 2016 perustettiin Filosofisen Praktiikan verkosto ry (FIVE). Sen tarkoituksena on edist\u00e4\u00e4 ja kehitt\u00e4\u00e4 ammattitaitoista filosofisen praktiikan toimintaa ja tuntemusta Suomessa sek\u00e4 tukea kansainv\u00e4list\u00e4 verkostoitumista. Yhdistys pyrkii edist\u00e4m\u00e4\u00e4n my\u00f6s alan koulutusta ja tutkimusta kotimaassa. Lis\u00e4ksi yhdistyksen tarkoituksena on toimia filosofisen praktiikan eettisen\u00e4 neuvonantajan<\/em>a. <em>Opiskelijat ja koulutuksen suorittaneet ovat l\u00e4mpim\u00e4sti tervetulleita verkoston <a rel=\"noreferrer noopener\" href=\"http:\/\/filosofit.fi\/FiPra\/?page_id=662\" target=\"_blank\">j\u00e4seniksi<\/a>!<\/em><\/p>\n","protected":false},"excerpt":{"rendered":"<p>Filosofisen praktiikan koulutus &#8211; hae 11.12.2024 menness\u00e4! Yhteiskunta tarvitsee filosofiaa ja filosofian soveltamista arjessa.\u201d &#8211; International Conference on Philosophical Practice 2018 Mit\u00e4 on filosofinen praktiikka, ent\u00e4 filosofisen praktiikan koulutus? Filosofinen praktiikka on filosofian harjoittamista osana jokap\u00e4iv\u00e4ist\u00e4 el\u00e4m\u00e4\u00e4. Keski\u00f6ss\u00e4 on t\u00e4ll\u00f6in filosofinen dialogi eri muodoissaan. Filosofisen praktiikan alalla on kansallisia ja kansainv\u00e4lisi\u00e4 yhdistyksi\u00e4, aikakauslehti\u00e4 ja konferensseja.&hellip; <\/p>\n<p class=\"toivo-read-more\"><a href=\"https:\/\/filosofit.fi\/FiPra\/?page_id=751\" class=\"more-link\">Lue lis\u00e4\u00e4 <span class=\"screen-reader-text\">Koulutus<\/span><\/a><\/p>\n","protected":false},"author":18,"featured_media":0,"parent":0,"menu_order":5,"comment_status":"closed","ping_status":"closed","template":"","meta":{"footnotes":""},"class_list":{"0":"post-751","1":"page","2":"type-page","3":"status-publish","5":"entry"},"_links":{"self":[{"href":"https:\/\/filosofit.fi\/FiPra\/index.php?rest_route=\/wp\/v2\/pages\/751","targetHints":{"allow":["GET"]}}],"collection":[{"href":"https:\/\/filosofit.fi\/FiPra\/index.php?rest_route=\/wp\/v2\/pages"}],"about":[{"href":"https:\/\/filosofit.fi\/FiPra\/index.php?rest_route=\/wp\/v2\/types\/page"}],"author":[{"embeddable":true,"href":"https:\/\/filosofit.fi\/FiPra\/index.php?rest_route=\/wp\/v2\/users\/18"}],"replies":[{"embeddable":true,"href":"https:\/\/filosofit.fi\/FiPra\/index.php?rest_route=%2Fwp%2Fv2%2Fcomments&post=751"}],"version-history":[{"count":9,"href":"https:\/\/filosofit.fi\/FiPra\/index.php?rest_route=\/wp\/v2\/pages\/751\/revisions"}],"predecessor-version":[{"id":2025,"href":"https:\/\/filosofit.fi\/FiPra\/index.php?rest_route=\/wp\/v2\/pages\/751\/revisions\/2025"}],"wp:attachment":[{"href":"https:\/\/filosofit.fi\/FiPra\/index.php?rest_route=%2Fwp%2Fv2%2Fmedia&parent=751"}],"curies":[{"name":"wp","href":"https:\/\/api.w.org\/{rel}","templated":true}]}}

<p><strong>Filosofisen praktiikan koulutus </strong>&#8211;<strong> hae 11.12.2024 mennessä!</strong></p>



<figure class="wp-block-image size-large"><a href="http://filosofit.fi/FiPra/wp-content/uploads/filpra_koulutuslogo.png"><img loading="lazy" decoding="async" width="650" height="595" src="http://filosofit.fi/FiPra/wp-content/uploads/filpra_koulutuslogo.png" alt="" class="wp-image-993" srcset="https://filosofit.fi/FiPra/wp-content/uploads/filpra_koulutuslogo.png 650w, https://filosofit.fi/FiPra/wp-content/uploads/filpra_koulutuslogo-300x275.png 300w" sizes="auto, (max-width: 650px) 100vw, 650px" /></a></figure>



<p><em>Yhteiskunta tarvitsee filosofiaa ja filosofian soveltamista arjessa</em>.”</p>



<p>&#8211; International Conference on Philosophical Practice 2018</p>



<p><strong>Mitä on filosofinen praktiikka, entä filosofisen praktiikan koulutus?</strong></p>



<p>Filosofinen praktiikka on filosofian harjoittamista osana jokapäiväistä elämää. Keskiössä on tällöin filosofinen dialogi eri muodoissaan. Filosofisen praktiikan alalla on kansallisia ja kansainvälisiä yhdistyksiä, aikakauslehtiä ja konferensseja. Filosofisen praktiikan koulutuksia järjestetään useissa eri maissa ja se on kansainvälinen ilmiö.&nbsp;</p>



<p><em>Lue <a href="https://katsaus.kriittinenkorkeakoulu.fi/mika-holopainen-leipaa-ja-filosofiaa/">artikkeli</a> filosofisesta praktiikasta ja koulutuksen opiskelijoista, jotka toteuttivat harjoitustyönään Leipä &amp; Lohtu -leirin. </em></p>



<p>Filosofisella praktiikalla on juurensa antiikin Kreikassa ja sille ominaisessa tavassa ymmärtää filosofia. Siinä filosofia liittyy kiinteästi inhimilliseen kokemukseen. Filosofinen praktiikka hyödyntää vahvasti Sokrateen dialogista työtapaa ja nojaa ymmärrykseen keskustelun merkityksestä itsetuntemuksen ja hyvän elämän edistäjänä. Suurin osa filosofisen praktiikan työskentelytavoista perustuu erilaisiin keskustelumuotoihin. Lähtökohtana on myös ajatus ihmetyksestä ja käsitys ihmisestä viisautta, totuutta ja merkitystä etsivänä olentona.&nbsp;</p>



<p>Historian kuluessa filosofiasta kuitenkin muotoutui erikoistunut tieteenala, jota harjoitetaan ammattimaisesti yliopistoissa. Samalla filosofiaa alettiin pitää epäkäytännöllisenä ja vieraana arkielämälle. Akateemisen käänteen vastareaktiona osa filosofeista on alkanut tarkastella taas filosofian merkitystä jokapäiväiselle elämälle. Tästä on muotoutunut perinne, jota kutsutaan filosofiseksi praktiikaksi. Filosofinen praktiikka yhdistää teorian ja käytännön. Se pyrkii elvyttämään antiikin hengen ja osoittamaan filosofian käytännön merkityksen.</p>



<p><strong>Filosofisen praktiikan koulutus </strong>sopii useiden ammattialojen toimijoille, kuten opettajille, terveydenhuoltoalan ammattilaisille, filosofin maisteritutkinnon suorittaneille. Muuttuva työelämä ja yhteiskunta vaativat yksilöltä yhä enemmän valmiuksia itsenäiseen, eettisesti kestävään päätöksentekoon sekä rakentavaan dialogiin. Näiden valmiuksien taustalla ovat keskeisesti kriittinen ajattelu, dialogitaidot sekä hyvä itsetuntemus. <strong>Filosofisen praktiikan koulutus on 1,5 vuotta kestävä kokonaisuus</strong>, jossa näitä taitoja opiskellaan filosofisten käytäntöjen ja harjoitusten kautta. Koulutuksessa painottuu käytännön harjoittelu, jota tuetaan teoriaopinnoilla. Keskiössä ovat sokraattinen dialogi ja filosofin vastaanotto.&nbsp;</p>



<p>Kriittinen korkeakoulu on tarjonnut filosofisen praktiikan koulutusta vuodesta 2009. Koulutuksen käyneet ovat mm. opettajia, toimittajia, kirjailijoita, valmentajia, filosofeja sekä terveydenhuollon ja sosiaalityön ammattilaisia. Koulutus pohjautuu kansainväliseen lähtökohtaan harjoittaa ja edistää filosofista työskentelyä, ajattelua ja elämäntapaa arjen erilaisissa yhteyksissä. Filosofian harjoittamisen muotoja ovat muun muassa sokraattinen dialogi, filocafé, filosofiaa lapsille, filosofin vastaanotto, blogi- ja nettikirjoittelu, yritysfilosofia ja bisnesetiikka, alaan liittyvien kirjojen julkaiseminen, seminaarien ja keskustelutilaisuuksien järjestäminen. Filosofisen praktiikan lähestymistapaa hyödynnetään maailmalla esimerkiksi sairaaloissa, vankiloissa, kouluissa, työyhteisöissä ja yritysmaailmassa.</p>



<p><strong>Haku seuraavaan koulutusryhmään on käynnissä! <a rel="noreferrer noopener" href="https://www.kriittinenkorkeakoulu.fi/kurssitarjonta/filosofisen-praktiikan-koulutusohjelma/" target="_blank">Hae 11.12.2024</a> mennessä.</strong> Koulutus järjestetään 18.1.2025 – 8.5.2026 Helsingissä. Koulutuksen vastuuopettajana toimii Pia Houni. Hän on teatteritaiteen tohtori, dosentti, filosofian praktikko ja kirjailija. Houni on toiminut filosofisen praktiikan koulutuksen vastuuopettajana vuodesta 2011. Muut opettajat ovat alan taitajia monilta aloilta. </p>



<p>Lisätietoa koulutuksen <a href="https://www.kriittinenkorkeakoulu.fi/kurssitarjonta/filosofisen-praktiikan-koulutusohjelma/">omalta sivulta</a> Kriittisessä korkeakoulussa ja Pia Hounilta: <br>040 734 7293 / pia.houni@tuni.fi Pia Houni</p>



<p><em>Vuonna 2016 perustettiin Filosofisen Praktiikan verkosto ry (FIVE). Sen tarkoituksena on edistää ja kehittää ammattitaitoista filosofisen praktiikan toimintaa ja tuntemusta Suomessa sekä tukea kansainvälistä verkostoitumista. Yhdistys pyrkii edistämään myös alan koulutusta ja tutkimusta kotimaassa. Lisäksi yhdistyksen tarkoituksena on toimia filosofisen praktiikan eettisenä neuvonantajan</em>a. <em>Opiskelijat ja koulutuksen suorittaneet ovat lämpimästi tervetulleita verkoston <a rel="noreferrer noopener" href="http://filosofit.fi/FiPra/?page_id=662" target="_blank">jäseniksi</a>!</em></p>

<p>Filosofisen praktiikan koulutus &#8211; hae 11.12.2024 mennessä! Yhteiskunta tarvitsee filosofiaa ja filosofian soveltamista arjessa.” &#8211; International Conference on Philosophical Practice 2018 Mitä on filosofinen praktiikka, entä filosofisen praktiikan koulutus? Filosofinen praktiikka on filosofian harjoittamista osana jokapäiväistä elämää. Keskiössä on tällöin filosofinen dialogi eri muodoissaan. Filosofisen praktiikan alalla on kansallisia ja kansainvälisiä yhdistyksiä, aikakauslehtiä ja konferensseja.&hellip; </p>
<p class="toivo-read-more"><a href="https://filosofit.fi/FiPra/?page_id=751" class="more-link">Lue lisää <span class="screen-reader-text">Koulutus</span></a></p>
