{"id":33,"date":"2021-11-01T12:10:00","date_gmt":"2021-11-01T10:10:00","guid":{"rendered":"http:\/\/filosofit.fi\/FiPra\/?page_id=33"},"modified":"2025-11-27T10:47:45","modified_gmt":"2025-11-27T08:47:45","slug":"perjantaiparlamentti","status":"publish","type":"page","link":"https:\/\/filosofit.fi\/FiPra\/?page_id=33","title":{"rendered":"Maailman filosofiap\u00e4iv\u00e4 marraskuussa"},"content":{"rendered":"\n<div class=\"wp-block-columns is-layout-flex wp-container-core-columns-is-layout-9d6595d7 wp-block-columns-is-layout-flex\">\n<div class=\"wp-block-column is-layout-flow wp-block-column-is-layout-flow\" style=\"flex-basis:100%\">\n<div class=\"wp-block-group\"><div class=\"wp-block-group__inner-container is-layout-constrained wp-block-group-is-layout-constrained\">\n<p><div id=\"container_DUSJvtxYYUD\" class=\"container \"><div id=\"container_QVrmW2DmKX-\" class=\"container color_TextBackgroundBg \"><div id=\"container_ST4kXxg4lU2\" class=\"container \"><div id=\"container_KhsQ_Ost7R0\" class=\"container  \"><div class=\"text_wrapper TextBodyNone color_TextUnemph\"><p id=\"paragraph_IQjHr-fLu_B\" dir=\"ltr\"><span id=\"text_ATeMrjt1aU7\" class=\"\">Kansainv\u00e4list\u00e4 filosofian p\u00e4iv\u00e4\u00e4, Maailman filosofiap\u00e4iv\u00e4\u00e4, World Philosophy Day, vietet\u00e4\u00e4n aina joka marraskuun kolmas torstai. YK:n kasvatus-, tiede- ja kulttuurij\u00e4rjest\u00f6 Unesco teki vuonna 2005 p\u00e4\u00e4t\u00f6ksen, jonka my\u00f6t\u00e4 t\u00e4n\u00e4 teemap\u00e4iv\u00e4n\u00e4 voimme kunnioittaa ja iloita filosofisesta perinn\u00f6st\u00e4mme ja avata mielemme uusille ideoille ja keskustelunaiheille julkisesti.<\/span> <\/p><\/div><\/div><\/div><\/div><\/div><\/p>\n\n\n\n<p><div id=\"container_DUSJvtxYYUD\" class=\"container \"><div id=\"container_QVrmW2DmKX-\" class=\"container color_TextBackgroundBg \"><div id=\"container_ST4kXxg4lU2\" class=\"container \"><div id=\"container_KhsQ_Ost7R0\" class=\"container  \"><div class=\"text_wrapper TextBodyNone color_TextUnemph\"><p id=\"paragraph_IQjHr-fLu_B\" dir=\"ltr\">Teemap\u00e4iv\u00e4n toiveena on rohkaista kansalaisyhteiskuntaa, oppilaitoksia ja muita filosofisista kysymyksist\u00e4 kiinnostuneita tahoja j\u00e4rjest\u00e4m\u00e4\u00e4n mahdollisuuksia dialogiin, v\u00e4ittelyyn, ty\u00f6pajoihin ja esityksiin filosofiasta.<\/p>Osallistu tapahtumiin, tehd\u00e4\u00e4n filosofiaa yhdess\u00e4!<\/div><\/div><\/div><\/div><\/div><\/p>\n\n\n\nJos olet j\u00e4rjest\u00e4m\u00e4ss\u00e4 ko. viikolla filosofista ohjelmaa tai haluat osallistua j\u00e4rjest\u00e4miseen, laita viesti\u00e4 five.hallitus@gmail.com. Kokoamme kaikki yhdistyksen, j\u00e4sentemme, filosofian praktikoiden j\u00e4rjest\u00e4m\u00e4n ohjelman kotisivuille ja some-kanaviin.<\/em><\/div><\/div><\/div><\/div><\/div><\/p>\n\n\n\n<p class=\"has-medium-font-size\"><strong>Maailman filosofiap\u00e4iv\u00e4n viikon ohjelma 2025<\/strong><\/p>\n\n\n\n<p><strong>Filosofinen aamunavaus klo 8.30 &#8211; 9.15 Zoomissa<\/strong>: Hyv\u00e4\u00e4 huomenta, olette jonossa! Maailman filosofiap\u00e4iv\u00e4n aamunavauksessa tarkastellaan jonoja. Jonot ovat paljon enemm\u00e4n kuin vain odotusta. Ne ovat paljastavia juopia tarpeiden, halujen ja arvojen liepeill\u00e4. Jono opettaa ja paljastaa. Jonossa synnyt\u00e4\u00e4n ja kuollaan. Jonossa maailmaa ja itse\u00e4 voi tarkastella arkisesta ja samalla yll\u00e4tt\u00e4v\u00e4st\u00e4 n\u00e4k\u00f6kulmasta. Tule mukaan pohtimaan jonojen riesaa ja riemua! Tapahtuman alustaa Lassi Larjo. Linkki <a href=\"https:\/\/us02web.zoom.us\/j\/88691615981?pwd=3F7ThRjIRII96ha5ODtm4J4QW1cLTh.1\">Zoomiin<\/a> (tarvittaessa Meeting ID 886 9161 5981, passcode 243293). Tapahtuma <a href=\"https:\/\/fb.me\/e\/9xcQqYm94\">Facebookissa.<\/a><br><br><strong>Lainaa filosofi klo 13 &#8211; 18 Helsingiss\u00e4:<\/strong> Fiven praktikkoja on lainattavissa <strong>Kontulan kirjastossa<\/strong> (Kontulan ostoskeskus, Ostostie 4, 00940 Helsinki). Vastaanotamme asiakkaita saapumisj\u00e4rjestyksess\u00e4 kirjaston aulassa. Vastaanotto kest\u00e4\u00e4 noin vartin. Voit keskustella kanssamme joko sopivassa paikassa kirjastossa tai halutessasi pienell\u00e4 k\u00e4velyll\u00e4 ulkona. Mieti kysymys etuk\u00e4teen tai lainaa pohdittava ajatus paikan p\u00e4\u00e4lt\u00e4. Vapaa p\u00e4\u00e4sy.<\/p>\n\n\n\n<p><strong>Lainaa filosofi klo 13-14 ja klo 17-19 Porvoossa:<\/strong> Porvoon kaupunginkirjastossa on lainattavissa fivel\u00e4inen, filosofian praktikko Jan Nystr\u00f6m. Tuo kelasi kirjastoon ja pura sit\u00e4 hetki filosofian praktikon kanssa! Varaa vartin aikasi s\u00e4hk\u00f6postilla&nbsp;jan.nystrom@porvoo.fi <a href=\"https:\/\/www.porvoo.fi\/tapahtumat\/lainaa-filosofi-porvoon-kaupunginkirjastosta-maailman-filosofiapaivana-20-11\/\">Lis\u00e4tietoja &gt;&gt;<\/a><\/p>\n\n\n\n<p><strong>Lainaa filosofi &#8211; kokeile filosofin vastaanottoa Zoomissa klo 11-13: <\/strong>Fiven j\u00e4sen Sari Mattila on tavattavissa Filosofisen instituutin j\u00e4rjestelm\u00e4ll\u00e4 vastaanotolla Zoomissa. Varaa paikka vartin sessioon s\u00e4hk\u00f6postitse sari@filosofineninstituutti.fi Also in English! <a href=\"https:\/\/filosofineninstituutti.fi\/Maailman-filosofiap%C3%A4iv%C3%A4-20-11-2025\/\">Lis\u00e4tietoja &gt;&gt;<\/a><\/p>\n\n\n\n<p>Tervetuloa keskustelemaan!<\/p>\n\n\n\n<p><strong>Ko. viikolla tapahtuu muutakin, lue lis\u00e4\u00e4:<\/strong><\/p>\n\n\n\n<p><strong>Maailman filosofiap\u00e4iv\u00e4n viikko alkaa lohdulla<\/strong><\/p>\n\n\n\n<p><strong>Maanantaina 17.11. klo 17.30 \u2013 19.30<\/strong> Vuosaaressa pohditaan ja keskustellaan pienryhm\u00e4ss\u00e4 lohdusta. Mit\u00e4 ajattelet lohdusta? Mit\u00e4 on lohtu? Mik\u00e4 sinua lohduttaa? Pohdimme ja jaamme ajatuksiamme mietiskelev\u00e4n dialogin keinoin. Dialogissa keskityt\u00e4\u00e4n erityisesti hiljentymiseen oman ja toisten ajattelun \u00e4\u00e4relle. Harjoitusta fasilitoi Kati Kuula, joka saa itse lohtua mm. filosofiasta, luonnosta ja runoista.<\/p>\n\n\n\n<p>Mukaan mahtuu 9 osallistujaa, ilmoittauduthan etuk\u00e4teen Fiven s\u00e4hk\u00f6postiin <a href=\"mailto:five.hallitus@gmail.com\">five.hallitus@gmail.com<\/a> (viimeist\u00e4\u00e4n 16.11.). Tapahtuma on maksuton. Tapaamme Vuosaaren kirjastossa, Ty\u00f6tilassa A (Vuotalo, Mosaiikkitori 2, 00980 Helsinki). Ota mukaan muistiinpanov\u00e4lineet ja avoin mieli! <a href=\"https:\/\/fb.me\/e\/9xcQqYm94\">Tapahtuma Facebookissa. <\/a><\/p>\n\n\n\n<hr class=\"wp-block-separator has-alpha-channel-opacity\"\/>\n\n\n\n<p style=\"font-size:20px\"><\/p>\n\n\n\n<p><\/p>\n\n\n\n\n\n<p><\/p>\n\n\n\n\n\n<p><\/p>\n\n\n\n<p><\/p>\n\n\n<\/div><\/div>\n<\/div>\n<\/div>\n\n\n\n<p><\/p>\n\n\n\n<hr class=\"wp-block-separator has-css-opacity\"\/>\n\n\n\n<p><\/p>\n","protected":false},"excerpt":{"rendered":"<p>Kansainv\u00e4list\u00e4 filosofian p\u00e4iv\u00e4\u00e4, Maailman filosofiap\u00e4iv\u00e4\u00e4, World Philosophy Day, vietet\u00e4\u00e4n aina joka marraskuun kolmas torstai. YK:n kasvatus-, tiede- ja kulttuurij\u00e4rjest\u00f6 Unesco teki vuonna 2005 p\u00e4\u00e4t\u00f6ksen, jonka my\u00f6t\u00e4 t\u00e4n\u00e4 teemap\u00e4iv\u00e4n\u00e4 voimme kunnioittaa ja iloita filosofisesta perinn\u00f6st\u00e4mme ja avata mielemme uusille ideoille ja keskustelunaiheille julkisesti. Teemap\u00e4iv\u00e4n toiveena on rohkaista kansalaisyhteiskuntaa, oppilaitoksia ja muita filosofisista kysymyksist\u00e4 kiinnostuneita tahoja j\u00e4rjest\u00e4m\u00e4\u00e4n&hellip; <\/p>\n<p class=\"toivo-read-more\"><a href=\"https:\/\/filosofit.fi\/FiPra\/?page_id=33\" class=\"more-link\">Lue lis\u00e4\u00e4 <span class=\"screen-reader-text\">Maailman filosofiap\u00e4iv\u00e4 marraskuussa<\/span><\/a><\/p>\n","protected":false},"author":18,"featured_media":0,"parent":31,"menu_order":0,"comment_status":"closed","ping_status":"closed","template":"","meta":{"footnotes":""},"class_list":{"0":"post-33","1":"page","2":"type-page","3":"status-publish","5":"entry"},"_links":{"self":[{"href":"https:\/\/filosofit.fi\/FiPra\/index.php?rest_route=\/wp\/v2\/pages\/33","targetHints":{"allow":["GET"]}}],"collection":[{"href":"https:\/\/filosofit.fi\/FiPra\/index.php?rest_route=\/wp\/v2\/pages"}],"about":[{"href":"https:\/\/filosofit.fi\/FiPra\/index.php?rest_route=\/wp\/v2\/types\/page"}],"author":[{"embeddable":true,"href":"https:\/\/filosofit.fi\/FiPra\/index.php?rest_route=\/wp\/v2\/users\/18"}],"replies":[{"embeddable":true,"href":"https:\/\/filosofit.fi\/FiPra\/index.php?rest_route=%2Fwp%2Fv2%2Fcomments&post=33"}],"version-history":[{"count":63,"href":"https:\/\/filosofit.fi\/FiPra\/index.php?rest_route=\/wp\/v2\/pages\/33\/revisions"}],"predecessor-version":[{"id":2320,"href":"https:\/\/filosofit.fi\/FiPra\/index.php?rest_route=\/wp\/v2\/pages\/33\/revisions\/2320"}],"up":[{"embeddable":true,"href":"https:\/\/filosofit.fi\/FiPra\/index.php?rest_route=\/wp\/v2\/pages\/31"}],"wp:attachment":[{"href":"https:\/\/filosofit.fi\/FiPra\/index.php?rest_route=%2Fwp%2Fv2%2Fmedia&parent=33"}],"curies":[{"name":"wp","href":"https:\/\/api.w.org\/{rel}","templated":true}]}}