{"id":31,"date":"2011-11-14T12:08:28","date_gmt":"2011-11-14T10:08:28","guid":{"rendered":"http:\/\/filosofit.fi\/FiPra\/?page_id=31"},"modified":"2024-04-14T18:25:38","modified_gmt":"2024-04-14T15:25:38","slug":"tapahtumat-2","status":"publish","type":"page","link":"https:\/\/filosofit.fi\/FiPra\/?page_id=31","title":{"rendered":"Tapahtumat ja muu toiminta"},"content":{"rendered":"<p>J\u00e4rjest\u00e4mme s\u00e4\u00e4nn\u00f6llisesti toimintaa (avoimia my\u00f6s kaikille kiinnostuneille), jaamme tietoutta filosofisesta praktiikasta sek\u00e4 osallistumme tapahtumiin, joissa olemme pit\u00e4neet filosofin vastaanottoa ja j\u00e4rjest\u00e4neet filosofisia ryhm\u00e4keskusteluita. Lue lis\u00e4\u00e4 toiminnastamme:<\/p>\n<ul>\n<li><a href=\"https:\/\/filosofit.fi\/FiPra\/wp-content\/uploads\/Toimintakertomus-2022.pdf\">Toimintakertomus 2022<\/a><\/li>\n<li><a href=\"https:\/\/filosofit.fi\/FiPra\/wp-content\/uploads\/Toimintakertomus-2023.pdf\">Toimintakertomus 2023<\/a>\u00a0(alustava, k\u00e4sitell\u00e4\u00e4n vuosikokouksessa 29.4.)<\/li>\n<\/ul>\n<p>Seuraa sivuamme sek\u00e4 yhdistyksen sivua <a href=\"https:\/\/www.facebook.com\/five.yhdistys\">Facebookissa<\/a> ollaksesi ajan tasalla.<\/p>\n<p>T\u00e4ll\u00e4 hetkell\u00e4 toistuva toiminta:<\/p>\n<ul>\n<li>Lukupiiri kerran kuussa, p\u00e4\u00e4asiassa verkossa (Zoom)<\/li>\n<li>Maailman filosofiap\u00e4iv\u00e4n viikon tapahtumat marraskuussa, kuten Lainaa filosofi -kirjastoissa<\/li>\n<li>Haagan Puistofilosofia elokuussa, muut puistofilosofia-tapahtumat vaihtelevasti<\/li>\n<\/ul>\n","protected":false},"excerpt":{"rendered":"<p>J\u00e4rjest\u00e4mme s\u00e4\u00e4nn\u00f6llisesti toimintaa (avoimia my\u00f6s kaikille kiinnostuneille), jaamme tietoutta filosofisesta praktiikasta sek\u00e4 osallistumme tapahtumiin, joissa olemme pit\u00e4neet filosofin vastaanottoa ja j\u00e4rjest\u00e4neet filosofisia ryhm\u00e4keskusteluita. Lue lis\u00e4\u00e4 toiminnastamme: Toimintakertomus 2022 Toimintakertomus 2023\u00a0(alustava, k\u00e4sitell\u00e4\u00e4n vuosikokouksessa 29.4.) Seuraa sivuamme sek\u00e4 yhdistyksen sivua Facebookissa ollaksesi ajan tasalla. T\u00e4ll\u00e4 hetkell\u00e4 toistuva toiminta: Lukupiiri kerran kuussa, p\u00e4\u00e4asiassa verkossa (Zoom) Maailman filosofiap\u00e4iv\u00e4n viikon&hellip; <\/p>\n<p class=\"toivo-read-more\"><a href=\"https:\/\/filosofit.fi\/FiPra\/?page_id=31\" class=\"more-link\">Lue lis\u00e4\u00e4 <span class=\"screen-reader-text\">Tapahtumat ja muu toiminta<\/span><\/a><\/p>\n","protected":false},"author":18,"featured_media":0,"parent":0,"menu_order":3,"comment_status":"closed","ping_status":"closed","template":"","meta":{"footnotes":""},"class_list":{"0":"post-31","1":"page","2":"type-page","3":"status-publish","5":"entry"},"_links":{"self":[{"href":"https:\/\/filosofit.fi\/FiPra\/index.php?rest_route=\/wp\/v2\/pages\/31","targetHints":{"allow":["GET"]}}],"collection":[{"href":"https:\/\/filosofit.fi\/FiPra\/index.php?rest_route=\/wp\/v2\/pages"}],"about":[{"href":"https:\/\/filosofit.fi\/FiPra\/index.php?rest_route=\/wp\/v2\/types\/page"}],"author":[{"embeddable":true,"href":"https:\/\/filosofit.fi\/FiPra\/index.php?rest_route=\/wp\/v2\/users\/18"}],"replies":[{"embeddable":true,"href":"https:\/\/filosofit.fi\/FiPra\/index.php?rest_route=%2Fwp%2Fv2%2Fcomments&post=31"}],"version-history":[{"count":10,"href":"https:\/\/filosofit.fi\/FiPra\/index.php?rest_route=\/wp\/v2\/pages\/31\/revisions"}],"predecessor-version":[{"id":1881,"href":"https:\/\/filosofit.fi\/FiPra\/index.php?rest_route=\/wp\/v2\/pages\/31\/revisions\/1881"}],"wp:attachment":[{"href":"https:\/\/filosofit.fi\/FiPra\/index.php?rest_route=%2Fwp%2Fv2%2Fmedia&parent=31"}],"curies":[{"name":"wp","href":"https:\/\/api.w.org\/{rel}","templated":true}]}}

<p>Järjestämme säännöllisesti toimintaa (avoimia myös kaikille kiinnostuneille), jaamme tietoutta filosofisesta praktiikasta sekä osallistumme tapahtumiin, joissa olemme pitäneet filosofin vastaanottoa ja järjestäneet filosofisia ryhmäkeskusteluita. Lue lisää toiminnastamme:</p>
<ul>
<li><a href="https://filosofit.fi/FiPra/wp-content/uploads/Toimintakertomus-2022.pdf">Toimintakertomus 2022</a></li>
<li><a href="https://filosofit.fi/FiPra/wp-content/uploads/Toimintakertomus-2023.pdf">Toimintakertomus 2023</a> (alustava, käsitellään vuosikokouksessa 29.4.)</li>
</ul>
<p>Seuraa sivuamme sekä yhdistyksen sivua <a href="https://www.facebook.com/five.yhdistys">Facebookissa</a> ollaksesi ajan tasalla.</p>
<p>Tällä hetkellä toistuva toiminta:</p>
<ul>
<li>Lukupiiri kerran kuussa, pääasiassa verkossa (Zoom)</li>
<li>Maailman filosofiapäivän viikon tapahtumat marraskuussa, kuten Lainaa filosofi -kirjastoissa</li>
<li>Haagan Puistofilosofia elokuussa, muut puistofilosofia-tapahtumat vaihtelevasti</li>
</ul>

<p>Järjestämme säännöllisesti toimintaa (avoimia myös kaikille kiinnostuneille), jaamme tietoutta filosofisesta praktiikasta sekä osallistumme tapahtumiin, joissa olemme pitäneet filosofin vastaanottoa ja järjestäneet filosofisia ryhmäkeskusteluita. Lue lisää toiminnastamme: Toimintakertomus 2022 Toimintakertomus 2023 (alustava, käsitellään vuosikokouksessa 29.4.) Seuraa sivuamme sekä yhdistyksen sivua Facebookissa ollaksesi ajan tasalla. Tällä hetkellä toistuva toiminta: Lukupiiri kerran kuussa, pääasiassa verkossa (Zoom) Maailman filosofiapäivän viikon&hellip; </p>
<p class="toivo-read-more"><a href="https://filosofit.fi/FiPra/?page_id=31" class="more-link">Lue lisää <span class="screen-reader-text">Tapahtumat ja muu toiminta</span></a></p>
